 the remainder when 117 is divided by 48?
21
What is the remainder when 277 is divided by 45?
7
What is the remainder when 2547 is divided by 635?
7
Calculate the remainder when 12 is divided by 2.
0
Calculate the remainder when 361 is divided by 3.
1
What is the remainder when 415 is divided by 22?
19
Calculate the remainder when 966 is divided by 136.
14
Calculate the remainder when 1440 is divided by 709.
22
Calculate the remainder when 74 is divided by 27.
20
What is the remainder when 1358 is divided by 24?
14
Calculate the remainder when 43 is divided by 18.
7
Calculate the remainder when 112 is divided by 30.
22
Calculate the remainder when 107 is divided by 35.
2
Calculate the remainder when 2648 is divided by 50.
48
What is the remainder when 2481 is divided by 18?
15
Calculate the remainder when 43 is divided by 21.
1
Calculate the remainder when 3287 is divided by 205.
7
What is the remainder when 60 is divided by 24?
12
What is the remainder when 1138 is divided by 73?
43
What is the remainder when 1566 is divided by 121?
114
Calculate the remainder when 927 is divided by 231.
3
What is the remainder when 892 is divided by 296?
4
What is the remainder when 58 is divided by 58?
0
Calculate the remainder when 175 is divided by 57.
4
Calculate the remainder when 7058 is divided by 10.
8
Calculate the remainder when 6528 is divided by 8.
0
What is the remainder when 175 is divided by 47?
34
Calculate the remainder when 94 is divided by 18.
4
Calculate the remainder when 358 is divided by 5.
3
Calculate the remainder when 261 is divided by 257.
4
What is the remainder when 243 is divided by 85?
73
Calculate the remainder when 609 is divided by 34.
31
What is the remainder when 348 is divided by 87?
0
Calculate the remainder when 21712 is divided by 101.
98
Calculate the remainder when 352 is divided by 17.
12
What is the remainder when 225 is divided by 29?
22
Calculate the remainder when 1751 is divided by 41.
29
What is the remainder when 1954 is divided by 15?
4
What is the remainder when 116 is divided by 31?
23
What is the remainder when 94 is divided by 79?
15
Calculate the remainder when 75 is divided by 13.
10
What is the remainder when 929 is divided by 133?
131
Calculate the remainder when 38 is divided by 7.
3
What is the remainder when 949 is divided by 17?
14
What is the remainder when 10067 is divided by 38?
35
What is the remainder when 597 is divided by 75?
72
What is the remainder when 309 is divided by 24?
21
What is the remainder when 3265 is divided by 10?
5
Calculate the remainder when 958 is divided by 20.
18
What is the remainder when 34523 is divided by 274?
273
Calculate the remainder when 305 is divided by 42.
11
What is the remainder when 117 is divided by 8?
5
What is the remainder when 97 is divided by 25?
22
Calculate the remainder when 519 is divided by 15.
9
What is the remainder when 55031 is divided by 14?
11
Calculate the remainder when 453 is divided by 35.
33
Calculate the remainder when 294 is divided by 33.
30
What is the remainder when 1142 is divided by 37?
32
Calculate the remainder when 111 is divided by 29.
24
What is the remainder when 142 is divided by 38?
28
What is the remainder when 150 is divided by 22?
18
Calculate the remainder when 999 is divided by 192.
39
What is the remainder when 1959 is divided by 40?
39
What is the remainder when 259 is divided by 13?
12
Calculate the remainder when 542 is divided by 176.
14
Calculate the remainder when 2923 is divided by 163.
152
What is the remainder when 179 is divided by 57?
8
What is the remainder when 8 is divided by 3?
2
Calculate the remainder when 29159 is divided by 135.
134
Calculate the remainder when 4075 is divided by 4069.
6
Calculate the remainder when 93 is divided by 40.
13
Calculate the remainder when 312 is divided by 79.
75
What is the remainder when 56 is divided by 29?
27
Calculate the remainder when 230 is divided by 223.
7
Calculate the remainder when 1622 is divided by 37.
31
Calculate the remainder when 515 is divided by 65.
60
What is the remainder when 531 is divided by 54?
45
Calculate the remainder when 18 is divided by 7.
4
Calculate the remainder when 201 is divided by 59.
24
Calculate the remainder when 2902 is divided by 107.
13
Calculate the remainder when 1502 is divided by 32.
30
What is the remainder when 1260 is divided by 159?
147
What is the remainder when 222 is divided by 53?
10
What is the remainder when 1004 is divided by 15?
14
Calculate the remainder when 42 is divided by 41.
1
What is the remainder when 373 is divided by 93?
1
What is the remainder when 596 is divided by 23?
21
Calculate the remainder when 1373 is divided by 81.
77
What is the remainder when 988 is divided by 11?
9
What is the remainder when 229 is divided by 29?
26
What is the remainder when 560 is divided by 142?
134
Calculate the remainder when 99 is divided by 60.
39
What is the remainder when 21 is divided by 12?
9
Calculate the remainder when 1380 is divided by 341.
16
What is the remainder when 1067 is divided by 119?
115
Calculate the remainder when 242 is divided by 49.
46
Calculate the remainder when 166 is divided by 21.
19
What is the remainder when 662 is divided by 114?
92
What is the remainder when 1741 is divided by 67?
66
What is the remainder when 284 is divided by 22?
20
Calculate the remainder when 141 is divided by 30.
21
Calculate the remainder when 145 is divided by 79.
66
What is the remainder when 1887 is divided by 14?
11
Calculate the remainder when 159 is divided by 90.
69
What is the remainder when 281 is divided by 69?
5
What is the remainder when 807 is divided by 158?
17
Calculate the remainder when 920 is divided by 305.
5
Calculate the remainder when 1820 is divided by 302.
8
Calculate the remainder when 518 is divided by 168.
14
What is the remainder when 47 is divided by 37?
10
What is the remainder when 18 is divided by 7?
4
Calculate the remainder when 48 is divided by 14.
6
What is the remainder when 1018 is divided by 20?
18
What is the remainder when 2324 is divided by 93?
92
What is the remainder when 86 is divided by 36?
14
Calculate the remainder when 137 is divided by 46.
45
What is the remainder when 133 is divided by 23?
18
Calculate the remainder when 177 is divided by 60.
57
What is the remainder when 142 is divided by 69?
4
Calculate the remainder when 1486 is divided by 13.
4
What is the remainder when 483 is divided by 165?
153
What is the remainder when 535 is divided by 128?
23
What is the remainder when 131 is divided by 62?
7
What is the remainder when 268 is divided by 64?
12
What is the remainder when 52 is divided by 7?
3
Calculate the remainder when 53 is divided by 47.
6
Calculate the remainder when 1957 is divided by 642.
31
Calculate the remainder when 1119 is divided by 17.
14
Calculate the remainder when 668 is divided by 56.
52
What is the remainder when 2619 is divided by 164?
159
What is the remainder when 138 is divided by 73?
65
Calculate the remainder when 423 is divided by 71.
68
Calculate the remainder when 171070 is divided by 29.
28
Calculate the remainder when 2941 is divided by 128.
125
Calculate the remainder when 101 is divided by 2.
1
What is the remainder when 2468 is divided by 13?
11
Calculate the remainder when 3057 is divided by 68.
65
What is the remainder when 378 is divided by 54?
0
What is the remainder when 31987 is divided by 186?
181
What is the remainder when 239 is divided by 97?
45
Calculate the remainder when 174 is divided by 159.
15
What is the remainder when 46 is divided by 15?
1
What is the remainder when 4795 is divided by 100?
95
Calculate the remainder when 47 is divided by 13.
8
Calculate the remainder when 208 is divided by 162.
46
Calculate the remainder when 4996 is divided by 6.
4
Calculate the remainder when 194 is divided by 35.
19
What is the remainder when 200 is divided by 69?
62
What is the remainder when 379 is divided by 68?
39
Calculate the remainder when 174 is divided by 49.
27
What is the remainder when 1652 is divided by 138?
134
Calculate the remainder when 135 is divided by 24.
15
What is the remainder when 2532 is divided by 281?
3
Calculate the remainder when 1513 is divided by 179.
81
Calculate the re